{"id":231,"date":"2012-07-13T11:41:20","date_gmt":"2012-07-13T09:41:20","guid":{"rendered":"http:\/\/www.tropenvillacuracao.nl\/?page_id=231"},"modified":"2024-02-27T15:09:53","modified_gmt":"2024-02-27T14:09:53","slug":"praktisch","status":"publish","type":"page","link":"https:\/\/karibikvilla.tropenvillacuracao.nl\/?page_id=231","title":{"rendered":"Praktische Angelegenheiten Tropenvilla und Cura\u00e7ao"},"content":{"rendered":"<p>Eine Reihe von praktischen Angelegenheiten, n\u00fctzlich zu wissen \u00fcber Curacao und Ihre Aufenthalt in der Tropenvilla. Die Tropenvilla wird von den holl\u00e4ndischen Verwaltern Sjaak Janssen und Marcel Aarts gehandhabt (die Beiden sprechen Deutsch). Sjaak und Marcel werden Sie bei der Ankunft herzlich empfangen in den Tropenvilla und Sie alles \u0081\u00fcber der Villa erkl\u00e4ren. Die beiden wohnen um die Ecke von der Tropenvilla, und Sie k\u00f6nnen sich immer mit alle Ihre Fragen an die Beiden wenden. Die Tropenvilla ist auf einer Ebene und barrierefrei, also keine Treppen und f\u00fcr Rollstuhlfahrer geeignet (nur die beiden Veranden haben eine 10 cm-Schritte).<\/p>\n<h3>Fliegen<\/h3>\n<p>Sie k\u00f6nnen\u00a0mit <a title=\"KLM\" href=\"http:\/\/www.klm.com\/travel\/nl_nl\/index.htm?popup=no&amp;WT.srch=1&amp;WT.vr.rac_of=2&amp;WT.vr.rac_ma=KLM_Branding_-_Exact&amp;WT.vr.rac_cr=KLM&amp;WT.seg_1=klm&amp;WT.vr.rac_pl=NL&amp;WT.vr.rac_pa=Google&amp;WT.mc_id=2078782|3468159|33740563|212352856|359228&amp;WT.srch=1\" target=\"_blank\" rel=\"noopener noreferrer\">KLM<\/a>, <a title=\"TUI\" href=\"http:\/\/www.tui.nl\/vliegtickets\/\" target=\"_blank\" rel=\"noopener noreferrer\">TUI <\/a>und <a title=\"Air Berlin\" href=\"http:\/\/www.airberlin.com\/nl-NL\/site\/start.php\" target=\"_blank\" rel=\"noopener noreferrer\">Air Berlin <\/a>direkt und in einigen F\u00e4llen mit einem kurzen Aufenthalt auf Aruba zur Cura\u00e7ao Fliegen.<\/p>\n<h4>Bagage<\/h4>\n<p>Mit den meisten Fluggesellschaften k\u00f6nnen Sie max. 30 kg Gep\u00e4ck (\u00fcberpr\u00fcfen Sie die Gep\u00e4ck-Bedingungen, die f\u00fcr Ihre Tickets gelten). Die Tropenvilla ist mit allem Komfort ausgestattet, daher brauchen\u00a0Sie\u00a0keine Handt\u00fccher, Strandt\u00fccher oder Bettw\u00e4sche ins Gep\u00e4ck. Es gibt in den Tropenvilla die notwendigen Baby-Sachen f\u00fcr weitere Informationen siehe die Seite <a title=\"Ferien mit Kinder\" href=\"http:\/\/karibikvilla.tropenvillacuracao.nl\/?page_id=107\">Kinder<\/a>.<\/p>\n<h3>Zeitverschiebung<\/h3>\n<p>Es ist\u00a0f\u00fcnf Stunden fr\u00fcher in Cura\u00e7ao im Winter und im Sommer sechs Stunden fr\u00fcher als in Deutschland.<\/p>\n<h3 id=\"resulttxt\">W\u00e4hrung und Wechselkurs Cura\u00e7ao<\/h3>\n<p>Auf Cura\u00e7ao bezahlt man mit die Antillen Gulden (ANG), auch bekannt als Niederl\u00e4ndische Florijn (Nafl). Der US Dollar ist auch ein gesetzliches Zahlungsmittel in Cura\u00e7ao. Sie k\u00f6nnen US-Dollar und Gulden aus dem ATM bekommen oder bezahlen mit Ihrer Kreditkarte (auch im Supermarkt). F\u00fcr die aktuellen Euro-Wechselkurs blicken\u00a0Sie\u00a0<a href=\"http:\/\/de.exchange-rates.org\/currentRates\/A\/EUR\" target=\"_blank\" rel=\"noopener noreferrer\">hier<\/a>.<\/p>\n<h3 id=\"resulttxt\">Transport auf Cura\u00e7ao<\/h3>\n<h5>Taxi<\/h5>\n<p>Am Flughafen sind immer gen\u00fcgend Taxis die\u00a0Sie in eine Fahrt von 5 Minuten, in die Tropenvilla bringen. Taxis auf Cura\u00e7ao k\u00f6nnen durch den Vorstand und die Buchstaben TX auf das Nummernschild erkannt werden. Es gibt kein Taxi-Meter, aber es gibt festen Preise f\u00fcr die verschiedenen Distrikte und Zonen der Insel. Fragen Sie immer zuerst den Preis. Der Fahrt vom Flughafen zu den Tropenvilla kostet etwa 20 Antillen Gulden.<\/p>\n<h5>Auto<\/h5>\n<p>Cura\u00e7ao hat so viel zu bieten dass Sie tats\u00e4chlich nicht ohne Auto k\u00f6nnen wenn Sie die Insel entdecken m\u00f6chten.<\/p>\n<p>Antilleans sind auch im Stra\u00dfenverkehr sehr \u2018relaxed\u2019 es ist also entspannen und sicher Reiten.\u00a0Auf Cura\u00e7ao gibt es ausreichend gro\u00dfe und kleine Tankstellen. N\u00fctzlich zu wissen ist, dass man im Voraus bezahlen muss, erst dann schaltet man\u00a0die Pumpe ein sodass Sie tanken k\u00f6nnen.<\/p>\n<h5>Fahrrad<\/h5>\n<p>Cura\u00e7ao ist im Allgemeinen sicher, aber es ist ratsam, nicht in den Abendstunden zu Fu\u00df oder mit dem Fahrrad zu gehen. Es gibt viele sch\u00f6ne Mountainbike-Strecken unter anderen die Salinen, der zerkl\u00fcfteten Nordk\u00fcste entlang oder auf alten Plantagen. Es ist ratsam, ein Moutainbiketour am <a title=\"Wannabike\" href=\"http:\/\/www.wannabike.com\/nl\" target=\"_blank\" rel=\"noopener noreferrer\">WannaBike <\/a>oder <a title=\"Westpunt Riders\" href=\"http:\/\/www.westpuntriders.com\/htm\/tours.htm\" target=\"_blank\" rel=\"noopener noreferrer\">Westpunt Riders<\/a>\u00a0zu buchen. Die erfahrenen Guides f\u00fchren Sie zu den sch\u00f6nsten Pl\u00e4tzen und informieren Sie \u00fcber die Flora, Fauna und Geschichte der Gegend, wo Sie fahren. Auch mit Kindern ist das Mountainbiken auf Curacao eine lustige Aktivit\u00e4t.<\/p>\n<h4>Einkaufen und \u00d6ffnungszeiten<\/h4>\n<p>Die Superm\u00e4rkte auf Cura\u00e7ao sind ganzt\u00e4gig ge\u00f6ffnet (von 8.00 bis 18.00 Uhr) und dem Centrum Supermarkt (in 3 Minuten Entfernung von den Tropenvilla) ist auch sonntags ge\u00f6ffnet, wenn Sie also erst am Samstagabend eintreffen k\u00f6nnen Sie\u00a0am Sonntag Ihr Fr\u00fchst\u00fcck und andere einkaufen machen. Im Centrum Supermarkt gibt es Geldautomaten (ATM). Bei jedem Supermarkt werden Ihre Eink\u00e4ufe verpackt und zu Ihrem Auto gebracht\u00a0es ist \u00fcblich die Jungs einige Antillen Gulden Trinkgeld zu geben. Vergessen Sie nicht einige gro\u00dfe Einkaufstaschen zu bringen, diese gibt es\u00a0in den Tropenvilla. Die meisten Gesch\u00e4fte in Cura\u00e7ao sind montags bis samstags ge\u00f6ffnet von 8.00 bis 18.00 Uhr. Zwischen 12.00 und 14.00 Uhr sind Kleidung Gesch\u00e4fte geschlossen.<\/p>\n<h3 id=\"resulttxt\">Elektrische Ger\u00e4te und Internet<\/h3>\n<p>In der Tropenvilla gibt es nur 220 Volt. Nat\u00fcrlich k\u00f6nnen Sie verf\u00fcgen \u00fcber gratis w-LAN in der Tropenvilla, Fragen Sie unsere Administratoren Sjaak und Marcel den Code unserer Villa.<\/p>\n<h4>Trinkwasser<\/h4>\n<p>Das Trinkwasser in Cura\u00e7ao ist sicher und k\u00f6stliches Trinkwasser. Das Trinkwasser enth\u00e4lt kein Chlor,\u00a0hat fast kein Kalzium und ist Geruch- und geschmacklos. Sie k\u00f6nnen\u00a0also das Leitungswasser in den Tropenvilla trinken.<\/p>\n<h3>Impfungen Cura\u00e7ao<\/h3>\n<p>F\u00fcr Ihren Urlaub auf Curacao sind\u00a0keine Impfungen notwendig. Es ist ratsam, Insektenspray mit zu bringen und nat\u00fcrlich guten Schutz gegen die Sonne. Cura\u00e7ao ist hygienisch und sauber, Sie k\u00f6nnen also alle Essen und Trinken ohne Gefahr \u00fcberall genie\u00dfen.<\/p>\n<p><strong>Haben Sie Fragen oder m\u00f6chten Sie eine Reservierungsanfrage machen, schicken Sie bitte ein e-mail an<\/strong><span style=\"color: #0000ff;\">\u00a0<a href=\"mailto:info@tropenvillacuracao.nl\"><span style=\"color: #0000ff;\">info@tropenvillacuracao.nl<\/span><\/a><\/span><\/p>\n","protected":false},"excerpt":{"rendered":"<p>Eine Reihe von praktischen Angelegenheiten, n\u00fctzlich zu wissen \u00fcber Curacao und Ihre Aufenthalt in der Tropenvilla. Die Tropenvilla wird von den holl\u00e4ndischen Verwaltern Sjaak Janssen und Marcel Aarts gehandhabt (die Beiden sprechen Deutsch). Sjaak und Marcel werden Sie bei der Ankunft herzlich empfangen in den Tropenvilla und Sie alles \u0081\u00fcber der Villa erkl\u00e4ren. Die beiden [&hellip;]<\/p>\n","protected":false},"author":1,"featured_media":0,"parent":0,"menu_order":0,"comment_status":"open","ping_status":"open","template":"","meta":[],"_links":{"self":[{"href":"https:\/\/karibikvilla.tropenvillacuracao.nl\/index.php?rest_route=\/wp\/v2\/pages\/231"}],"collection":[{"href":"https:\/\/karibikvilla.tropenvillacuracao.nl\/index.php?rest_route=\/wp\/v2\/pages"}],"about":[{"href":"https:\/\/karibikvilla.tropenvillacuracao.nl\/index.php?rest_route=\/wp\/v2\/types\/page"}],"author":[{"embeddable":true,"href":"https:\/\/karibikvilla.tropenvillacuracao.nl\/index.php?rest_route=\/wp\/v2\/users\/1"}],"replies":[{"embeddable":true,"href":"https:\/\/karibikvilla.tropenvillacuracao.nl\/index.php?rest_route=%2Fwp%2Fv2%2Fcomments&post=231"}],"version-history":[{"count":29,"href":"https:\/\/karibikvilla.tropenvillacuracao.nl\/index.php?rest_route=\/wp\/v2\/pages\/231\/revisions"}],"predecessor-version":[{"id":764,"href":"https:\/\/karibikvilla.tropenvillacuracao.nl\/index.php?rest_route=\/wp\/v2\/pages\/231\/revisions\/764"}],"wp:attachment":[{"href":"https:\/\/karibikvilla.tropenvillacuracao.nl\/index.php?rest_route=%2Fwp%2Fv2%2Fmedia&parent=231"}],"curies":[{"name":"wp","href":"https:\/\/api.w.org\/{rel}","templated":true}]}}