{"id":65,"date":"2012-06-01T12:06:34","date_gmt":"2012-06-01T10:06:34","guid":{"rendered":"http:\/\/www.tropenvillacuracao.nl\/?page_id=65"},"modified":"2024-02-27T15:06:49","modified_gmt":"2024-02-27T14:06:49","slug":"de-tropenvilla","status":"publish","type":"page","link":"https:\/\/karibikvilla.tropenvillacuracao.nl\/?page_id=65","title":{"rendered":"Ihre Villa"},"content":{"rendered":"<h5>Gro\u00dfes Wohnzimmer und voll ausgestattete K\u00fcche<\/h5>\n<p>Die Tropenvilla ist eine gro\u00dfe Villa mit 5 Schlafzimmer und 3 Badezimmer in den Sie mit 10 Personen einen Urlaub in der Karibik genie\u00dfen k\u00f6nnen. Die Villa verf\u00fcgt \u00fcber ein gro\u00dfes Wohnzimmer mit Flat Screen TV und iPod\/iPhone Speakerdocking, damit Sie Ihre Lieblingsmusik \u00fcberall genie\u00dfen k\u00f6nnen. In den Tropenvilla k\u00f6nnen Sie \u00fcber gratis WiFi verf\u00fcgen damit Sie so auch w\u00e4hrend Ihre Urlaub Kontakt haben k\u00f6nnen mit dem Rest der Welt. Neben das Wohnzimmer ist eine gro\u00dfe, offene K\u00fcche ausgestattet mit allen Luxus (gro\u00dfer K\u00fchlschrank, Geschirrsp\u00fcler, Gasherd, Backofen, Mikrowelle, Kaffeemaschine, Wasserkocher, Toaster etc.) und gut ausgestattet mit K\u00fcchenutensilien (Chefs Messer, solide Pfannen, Geschirr etc.).<\/p>\n<h5>5 Schlafzimmer und 3 Badezimmer<\/h5>\n<p>Die Tropenvilla verf\u00fcgt \u00fcber 5 Schlafzimmer: 4 mit gro\u00dfen Box-Spring Doppelbetten und 1 Schlafzimmer mit zwei Einzelbetten. Auf Anfrage k\u00f6nnen wir Ihnen ein zus\u00e4tzliches Baby Bett auf einem der Schlafzimmer zur Verf\u00fcgung stellen. Alle Zimmer sind mit Klimaanlage und Deckenventilator ausgestattet. Es gibt 3 Badezimmer mit Regendusche und WC und Haartrockner ausgestattet, dar\u00fcber hinaus hat die Villa noch eine separate G\u00e4ste-Toilette. Die Tropenvilla verf\u00fcgt \u00fcber was man fr\u00fcher das &#8220;Magdenzimmer&#8221; nannte, eines der Schlafzimmer mit eigenem Badzimmer befindet sich unter das gleiche Dach sondern hat einen eigenen Eingang und bietet damit zus\u00e4tzliche Privatsph\u00e4re. Ideal zum Beispiel f\u00fcr Gro\u00dfeltern. Bettw\u00e4sche, Handt\u00fccher und Badet\u00fccher sind nat\u00fcrlich ausreichend vorhanden.<\/p>\n<h5 id=\"resulttxt\">Terrassen und Outdoor-K\u00fcche<\/h5>\n<div>Die Tropenvilla wurde speziell von den Architekten f\u00fcr das Leben in ein tropisches Klima entworfen: die Au\u00dfenbereiche sind daher mindestens so gro\u00df wie die Innenr\u00e4ume. Die Villa verf\u00fcgt \u00fcber eine gro\u00dfe Veranda auf der Vorderseite, wo Sie im Schatten fr\u00fchst\u00fccken k\u00f6nnen, und auch eine gro\u00dfe Veranda auf der R\u00fcckseite wo man herrlich loungen kann. Und wenn man weitgehend Drau\u00dfen lebt, warum dann nicht auch im freien Kochen und essen? Unter den Palapa (typisch karibischen Geh\u00e4use aus getrockneten Palmbl\u00e4ttern, die vor Sonne und Regen sch\u00fctzt) steht einen gro\u00dfen Esstisch und der Outdoor-K\u00fcche ist ausgestattet mit einem gro\u00dfen Gas Grill, \u00a0ideal geeignet f\u00fcr ein selbst ger\u00f6stete Mahlzeit\u00a0f\u00fcr\u00a0die ganze Familie.<\/div>\n<div><\/div>\n<h5>Pool\u00a0und Privatsph\u00e4re<\/h5>\n<p>Die Tropenvilla liegt auf einem gro\u00dfen ummauerten Privatgrundst\u00fcck (2000 m2) mit einen gro\u00dfen privaten Swimmingpool, gen\u00fcgend Platz das tropisches Wetter zu genie\u00dfen in absoluter Privatsph\u00e4re. Es gibt liegen zum Sonnenbaden am pool (der Pool wird 2X pro Woche, betreut von den Pool-Service) und die gro\u00dfe Liegewiese l\u00e4dt ein zum Fu\u00dfball spielen, eine Partie Badminton oder ein Beachball-Spiel, aber Sie k\u00f6nnen nat\u00fcrlich auch im Schatten der gro\u00dfen tropischen Baume ein Buch lesen.<\/p>\n<p><strong>Haben Sie Fragen oder m\u00f6chten Sie eine Reservierungsanfrage machen, schicken Sie bitte ein e-mail an<\/strong>\u00a0<span style=\"color: #0000ff;\"><a href=\"mailto:info@tropenvillacuracao.nl\"><span style=\"color: #0000ff;\">info@tropenvillacuracao.nl<\/span><\/a><\/span><\/p>\n","protected":false},"excerpt":{"rendered":"<p>Gro\u00dfes Wohnzimmer und voll ausgestattete K\u00fcche Die Tropenvilla ist eine gro\u00dfe Villa mit 5 Schlafzimmer und 3 Badezimmer in den Sie mit 10 Personen einen Urlaub in der Karibik genie\u00dfen k\u00f6nnen. Die Villa verf\u00fcgt \u00fcber ein gro\u00dfes Wohnzimmer mit Flat Screen TV und iPod\/iPhone Speakerdocking, damit Sie Ihre Lieblingsmusik \u00fcberall genie\u00dfen k\u00f6nnen. In den Tropenvilla [&hellip;]<\/p>\n","protected":false},"author":1,"featured_media":0,"parent":0,"menu_order":0,"comment_status":"open","ping_status":"open","template":"","meta":[],"_links":{"self":[{"href":"https:\/\/karibikvilla.tropenvillacuracao.nl\/index.php?rest_route=\/wp\/v2\/pages\/65"}],"collection":[{"href":"https:\/\/karibikvilla.tropenvillacuracao.nl\/index.php?rest_route=\/wp\/v2\/pages"}],"about":[{"href":"https:\/\/karibikvilla.tropenvillacuracao.nl\/index.php?rest_route=\/wp\/v2\/types\/page"}],"author":[{"embeddable":true,"href":"https:\/\/karibikvilla.tropenvillacuracao.nl\/index.php?rest_route=\/wp\/v2\/users\/1"}],"replies":[{"embeddable":true,"href":"https:\/\/karibikvilla.tropenvillacuracao.nl\/index.php?rest_route=%2Fwp%2Fv2%2Fcomments&post=65"}],"version-history":[{"count":30,"href":"https:\/\/karibikvilla.tropenvillacuracao.nl\/index.php?rest_route=\/wp\/v2\/pages\/65\/revisions"}],"predecessor-version":[{"id":762,"href":"https:\/\/karibikvilla.tropenvillacuracao.nl\/index.php?rest_route=\/wp\/v2\/pages\/65\/revisions\/762"}],"wp:attachment":[{"href":"https:\/\/karibikvilla.tropenvillacuracao.nl\/index.php?rest_route=%2Fwp%2Fv2%2Fmedia&parent=65"}],"curies":[{"name":"wp","href":"https:\/\/api.w.org\/{rel}","templated":true}]}}